76.
2, 32565019
List the prime factors of 124249835.
5, 19, 1307893
What are the prime factors of 12819562?
2, 7, 915683
List the prime factors of 285883516.
2, 47, 269, 5653
What are the prime factors of 165055621?
53, 887, 3511
What are the prime factors of 2645426?
2, 7, 37, 5107
List the prime factors of 7180586532.
2, 3, 7, 28494391
What are the prime factors of 9558810?
2, 3, 5, 11801
List the prime factors of 260064781.
260064781
What are the prime factors of 361868604?
2, 3, 19, 47, 33769
List the prime factors of 286439446.
2, 313, 457571
What are the prime factors of 26755939?
7, 3822277
List the prime factors of 3113618.
2, 17, 91577
List the prime factors of 1335835965.
3, 5, 41, 2172091
List the prime factors of 1148809737.
3, 3407, 112397
What are the prime factors of 3827317356?
2, 3, 167, 636613
List the prime factors of 1124780497.
103, 1063, 10273
What are the prime factors of 302985126?
2, 3, 97, 173531
What are the prime factors of 1185986340?
2, 3, 5, 7, 11, 2593
List the prime factors of 1007371078.
2, 7, 71955077
List the prime factors of 132084514.
2, 66042257
What are the prime factors of 30047136?
2, 3, 7, 61, 733
What are the prime factors of 150373524?
2, 3, 7, 19, 94219
What are the prime factors of 1247385932?
2, 13, 29, 239, 3461
List the prime factors of 897733075.
5, 35909323
List the prime factors of 50737865.
5, 109, 93097
List the prime factors of 65791846.
2, 37, 631, 1409
What are the prime factors of 184881962?
2, 79, 1170139
List the prime factors of 591626195.
5, 118325239
What are the prime factors of 29384900?
2, 5, 31, 9479
List the prime factors of 30671263.
7, 19, 230611
What are the prime factors of 2709496162?
2, 31, 37, 149, 7927
List the prime factors of 4699750246.
2, 61, 461, 83563
What are the prime factors of 30496179?
3, 7, 207457
List the prime factors of 2280618879.
3, 7, 11, 9872809
What are the prime factors of 1352715006?
2, 3, 225452501
List the prime factors of 2948300194.
2, 7, 293, 718747
What are the prime factors of 673634862?
2, 3, 37424159
List the prime factors of 1405988800.
2, 5, 878743
What are the prime factors of 2495210560?
2, 5, 109, 71537
What are the prime factors of 1429338988?
2, 7, 11, 17, 272983
What are the prime factors of 188853088?
2, 5901659
List the prime factors of 376327440.
2, 3, 5, 522677
List the prime factors of 1627787803.
569, 2860787
List the prime factors of 58815419.
13, 109, 41507
What are the prime factors of 45104417?
17, 337, 7873
What are the prime factors of 637527831?
3, 53, 75653
List the prime factors of 271302541.
17, 491, 32503
List the prime factors of 7199649283.
7199649283
List the prime factors of 97376563.
37, 643, 4093
List the prime factors of 156172468.
2, 83, 470399
What are the prime factors of 2646207496?
2, 139, 2379683
List the prime factors of 23116287.
3, 2099, 3671
List the prime factors of 35660857.
41, 869777
What are the prime factors of 145708282?
2, 647, 112603
What are the prime factors of 432658492?
2, 7, 197, 78437
What are the prime factors of 4817022?
2, 3, 7, 114691
List the prime factors of 61210282.
2, 7, 4372163
What are the prime factors of 27388525?
5, 1095541
List the prime factors of 1936319091.
3, 7, 17, 5423863
List the prime factors of 143789930.
2, 5, 14378993
List the prime factors of 1137069434.
2, 13669, 41593
What are the prime factors of 744326153?
744326153
List the prime factors of 582611965.
5, 13, 23, 79, 4933
List the prime factors of 10894188.
2, 3, 907849
List the prime factors of 81821470.
2, 5, 29, 282143
What are the prime factors of 48297206?
2, 24148603
List the prime factors of 1822596367.
17, 107211551
What are the prime factors of 77824028?
2, 17, 613, 1867
What are the prime factors of 675711988?
2, 7, 17, 1419563
List the prime factors of 42599756.
2, 17, 43, 857
List the prime factors of 329525819.
7, 47075117
What are the prime factors of 15852520?
2, 5, 23, 17231
What are the prime factors of 380223081?
3, 7, 59, 102293
List the prime factors of 355417116.
2, 3, 19, 37, 42131
What are the prime factors of 4582053?
3, 7, 257, 283
List the prime factors of 373458124.
2, 13, 7181887
What are the prime factors of 2951137368?
2, 3, 1567, 8719
What are the prime factors of 59081698?
2, 13, 17, 133669
What are the prime factors of 12174270?
2, 3, 5, 263, 1543
List the prime factors of 31010732.
2, 7752683
What are the prime factors of 714546329?
7, 17, 97, 103, 601
What are the prime factors of 603869703?
3, 1223, 164587
List the prime factors of 1239576646.
2, 7, 11, 71, 73, 1553
What are the prime factors of 1081267088?
2, 11, 29, 41, 5167
List the prime factors of 2495192399.
7, 227, 1570291
List the prime factors of 439050690.
2, 3, 5, 13, 375257
What are the prime factors of 1323924811?
11, 47, 2560783
List the prime factors of 178607605.
5, 11, 1277, 2543
What are the prime factors of 1105861316?
2, 7, 39495047
What are the prime factors of 53044164?
2, 3, 23, 64063
What are the prime factors of 103914111?
3, 7, 4948291
List the prime factors of 254132323.
1013, 250871
List the prime factors of 30822701.
7, 13, 43, 7877
What are the prime factors of 19239642?
2, 3, 419, 2551
What are the prime factors of 2271973?
11, 206543
What are the prime factors of 222298806?
2, 3, 1367, 27103
What are the prime factors of 119795124?
2, 3, 17, 34543
List the prime factors of 181242227.
359, 504853
List the prime factors of 841558176.
2, 3, 2922077
List the prime factors of 635512959.
3, 7845839
List the prime factors of 1733122322.
2, 829, 1045309
What are the prime factors of 140667908?
2, 23, 1528999
What are the prime factors of 60831656?
2, 7603957
What are the prime factors of 1485459591?
3, 7, 11, 6430561
List the prime factors of 781743850.
2, 5, 15634877
What are the prime factors of 1796493595?
5, 13, 29, 251, 3797
List the prime factors of 2695901926.
2, 5591, 241093
List the prime factors of 2641888829.
10939, 241511
List the prime factors of 1925198100.
2, 3, 5, 7, 67, 4561
What are the prime factors of 415145542?
2, 7, 17, 249187
What are the prime factors of 45714754?
2, 23, 41, 24239
What are the prime factors of 80125246?
2, 109, 367547
List the prime factors of 481314399.
3, 23, 67, 104113
List the prime factors of 2961845568.
2, 3, 11, 155821
What are the prime factors of 1167666413?
19, 3234533
What are the prime factors of 4080482229?
3, 31, 2593, 16921
What are the prime factors of 2469775?
5, 7, 11, 1283
What are the prime factors of 118301352?
2, 3, 13, 29167
List the prime factors of 5135615327.
89, 809, 71327
List the prime factors of 458539470.
2, 3, 5, 17, 299699
What are the prime factors of 904748059?
151, 5991709
What are the prime factors of 378785550?
2, 3, 5, 11, 13, 17659
What are the prime factors of 52557698?
2, 26278849
What are the prime factors of 52803115?
5, 10560623
What are the prime factors of 414918659?
191, 641, 3389
List the prime factors of 1551854309.
1551854309
What are the prime factors of 2035622177?
17, 119742481
List the prime factors of 202321142.
2, 41, 163, 15137
What are the prime factors of 31103339?
1319, 23581
What are the prime factors of 40989103?
40989103
List the prime factors of 88315537.
88315537
What are the prime factors of 710694699?
3, 11, 13, 1656631
List the prime factors of 6413100858.
2, 3, 118761127
What are the prime factors of 57428483?
7, 809, 10141
What are the prime factors of 64989343?
151, 430393
What are the prime factors of 34651468?
2, 8662867
What are the prime factors of 40807320?
2, 3, 5, 340061
What are the prime factors of 19200653?
23, 834811
List the prime factors of 1161440647.
1601, 725447
List the prime factors of 2204591239.
23, 37, 2590589
What are the prime factors of 1306210746?
2, 3, 19, 47, 243787
List the prime factors of 31748773.
7, 4535539
What are the prime factors of 3941104?
2, 246319
List the prime factors of 567455501.
19, 71, 401, 1049
What are the prime factors of 400243049?
97, 353, 11689
List the prime factors of 84282842.
2, 7, 860029
List the prime factors of 83835622.
2, 13, 3224447
List the prime factors of 844699000.
2, 5, 89, 9491
What are the prime factors of 55531782?
2, 3, 281, 10979
List the prime factors of 2031685721.
13, 12021809
What are the prime factors